w) = -w**3 - 15*w**2 - 3*w - 44. Give d(-15).
1
Let d(p) = -p**3 - p**2 + p + 1. What is d(2)?
-9
Let r(a) = -a**3 + 6*a**2 + a + 6. Determine r(5).
36
Let q(x) = -x + 50. Give q(0).
50
Let u(o) = -2*o**2 - 5*o + 8. What is u(3)?
-25
Let h(p) = 2*p**2 + 3*p - 5. Determine h(-4).
15
Let c(l) = -l**3 - 9*l**2 - 3*l + 15. Give c(-9).
42
Let p(c) = c**3 - 12*c**2 + 28*c - 10. What is p(9)?
-1
Let j(r) = -2*r**2 + 11*r + 9. Determine j(9).
-54
Let h(b) = b + 5. Determine h(-10).
-5
Let a(f) = 17*f + 3. What is a(-2)?
-31
Let z(r) = 2*r**2 + 19*r - 35. What is z(-11)?
-2
Let i(r) = -r**3 + 9*r**2 - 18*r + 8. Determine i(6).
8
Let p(q) = -3*q**2 + q + 17. What is p(5)?
-53
Let p(z) = -z**2 - 8*z. Calculate p(-7).
7
Let u(p) = -p**3 - 4*p**2 - 2*p + 14. What is u(-7)?
175
Let i(b) = -2*b**3 + 10*b**2 + 10*b - 9. Give i(6).
-21
Let k(c) = 10*c - 36. Give k(5).
14
Let n(p) = -2*p**2 + 3*p + 2. What is n(-2)?
-12
Let h(z) = 2*z + 27. Give h(-9).
9
Let b(s) = s**3 - 3*s**2 - 5*s + 6. Determine b(4).
2
Let l(o) = o**2 + 5*o + 11. Calculate l(-9).
47
Let k(x) = -x**3 - 7*x**2 - 18*x - 67. Give k(-6).
5
Let b(d) = -d + 1. Give b(8).
-7
Let s(b) = -b + 24. Give s(13).
11
Let j(v) = v - 14. Give j(3).
-11
Let g(b) = -99*b - 403. Determine g(-4).
-7
Let y(a) = 7*a - 9. What is y(4)?
19
Let w(x) = x**3 - 7*x**2 - 22*x + 33. Give w(9).
-3
Let o(s) = 21*s - 7. Determine o(4).
77
Let g(n) = -n**2 - 111*n + 4. Calculate g(0).
4
Let x(y) = -11*y**2 + 5*y + 1. Calculate x(1).
-5
Let o(y) = y**2 + 26*y + 29. What is o(-26)?
29
Let m(r) = -43*r**2 - 4*r + 3. Determine m(1).
-44
Let q(j) = 38*j - 6. Determine q(-2).
-82
Let m(q) = q**3 + 3*q - 6. Calculate m(0).
-6
Let q(m) = -m**3 + 2*m**2 - 8*m + 6. Calculate q(2).
-10
Let m(i) = i**3 + 13*i**2 + 18*i - 168. Calculate m(-9).
-6
Let q(u) = -12*u - 390. Calculate q(-32).
-6
Let h(q) = 2*q**3 - 34*q**2 - 2*q + 50. What is h(17)?
16
Let y(q) = 68*q + 812. Calculate y(-12).
-4
Let b(k) = -k**3 + 8*k**2 + 9*k - 19. Determine b(8).
53
Let i(d) = -d - 31. Calculate i(-11).
-20
Let l(j) = -2*j + 9. Calculate l(-3).
15
Let w(d) = -d**2 + 5*d + 11. Calculate w(8).
-13
Let m(k) = k**3 - 2*k**2 - 83*k - 28. Determine m(-8).
-4
Let u(y) = -y**3 + 6*y**2 - 7*y - 9. Determine u(6).
-51
Let d(w) = -w**2 + 2*w - 61. Calculate d(0).
-61
Let j(r) = -11*r**3 + 2*r**2 + 2*r - 3. What is j(1)?
-10
Let o(p) = -2*p**2 + p + 9. Calculate o(4).
-19
Let u(b) = 12*b**2 - 42*b - 9. Calculate u(4).
15
Let x(s) = -6*s + 86. Determine x(16).
-10
Let f(q) = -q**2 - q + 10. Calculate f(0).
10
Let s(l) = -l**3 + 12*l**2 + 4*l - 25. What is s(12)?
23
Let b(u) = 2*u**2 - u - 5. Give b(-5).
50
Let r(t) = t**3 - t**2 - 12*t - 5. Determine r(4).
-5
Let u(x) = x**3 + 8*x**2 - 3*x + 10. What is u(-5)?
100
Let j(i) = i**3 + 9*i**2 + 33*i + 132. Give j(-7).
-1
Let m(l) = -7*l - 4. Determine m(-5).
31
Let a(v) = -85*v**2 - 595*v - 3. What is a(-7)?
-3
Let o(f) = 6*f - 187. Calculate o(22).
-55
Let w(n) = 29*n - 5. Determine w(3).
82
Let k(v) = 4*v + 52. Give k(-11).
8
Let u(a) = -a - 8. Give u(-4).
-4
Let y(l) = l**2 - 9*l + 4. Calculate y(6).
-14
Let j(d) = -d**3 - 7*d**2 - 7*d + 7. Determine j(-6).
13
Let s(h) = -h**3 - 39*h**2 + 80*h - 74. Determine s(-41).
8
Let h(j) = -j + 18. What is h(26)?
-8
Let g(c) = -20*c + 523. Determine g(26).
3
Let j(g) = 3*g - 9. Calculate j(4).
3
Let l(j) = -82*j + 314. Determine l(4).
-14
Let o(q) = q**3 + 7*q**2 + q - 37. Calculate o(-5).
8
Let k(t) = t**2 + 25*t - 142. Give k(-30).
8
Let q(k) = 9*k. What is q(6)?
54
Let f(y) = -2*y**3 + 13*y**2 + 6*y + 5. What is f(7)?
-2
Let s(l) = -l**2 + l - 2. Give s(3).
-8
Let o(a) = -2*a**2 + 7*a + 21. Give o(-3).
-18
Let u(p) = -p**2 + 8*p - 22. Determine u(11).
-55
Let o(j) = -19*j**2 - 170*j + 5. Give o(-9).
-4
Let p(c) = -12*c**2 + 8*c + 5. Calculate p(2).
-27
Let q(z) = -z**2 - 11*z - 13. Calculate q(-8).
11
Let u(l) = -3*l - 3. Calculate u(3).
-12
Let x(j) = -j**3 - 2*j**2 - j - 1. Give x(-3).
11
Let q(v) = -8*v**2 - 1. Give q(-2).
-33
Let q(y) = y**3 + 7*y**2 + 10*y + 8. Determine q(-6).
-16
Let d(p) = -p - 1. Give d(11).
-12
Let l(j) = -j**3 - 26*j**2 - 22*j + 57. Calculate l(-25).
-18
Let q(o) = 14*o + 314. What is q(-22)?
6
Let k(x) = -4*x - 7. What is k(-3)?
5
Let m(l) = 39*l + 230. Calculate m(-6).
-4
Let c(b) = b**2 - 6. What is c(-3)?
3
Let h(s) = -s**3 - 10*s**2 - 16*s + 6. Determine h(-8).
6
Let g(p) = -p**3 + 4*p**2 + p - 3. Calculate g(5).
-23
Let f(r) = 3*r - 33. Calculate f(-18).
-87
Let l(d) = 7*d - 47. What is l(9)?
16
Let g(q) = -55*q**2. Calculate g(-1).
-55
Let u(c) = -20*c**2 + 1. Calculate u(-1).
-19
Let c(w) = 3*w. Give c(1).
3
Let n(l) = 2*l**3 - 8*l**2 + 5*l + 4. What is n(5)?
79
Let b(l) = -l**3 - 3*l**2 + 11. Determine b(-5).
61
Let f(b) = -b**2 - 9*b - 1. Give f(-8).
7
Let z(i) = -i**3 - 4*i**2 + 7*i - 14. Calculate z(-8).
186
Let v(d) = d**3 + 20*d**2 + 17*d - 30. Determine v(-19).
8
Let t(x) = -3*x**2 - 9*x - 10. What is t(-2)?
-4
Let y(n) = -n**3 + 2*n**2 + 10*n - 2. Determine y(4).
6
Let i(u) = -u**3 + 3*u**2 - 3*u + 4. Give i(2).
2
Let d(p) = 9*p + 39. What is d(6)?
93
Let y(q) = q**2 + 11*q - 27. What is y(-13)?
-1
Let c(r) = -18*r - 85. Give c(-5).
5
Let t(s) = s**2 + 9*s + 12. Calculate t(-7).
-2
Let q(y) = y**3 - 10*y**2 - y + 8. Determine q(10).
-2
Let p(u) = -2*u**2 - 12*u + 23. Give p(-10).
-57
Let i(k) = k + 18. Determine i(-4).
14
Let t(o) = -o**3 - 3*o**2 - 2*o + 2. What is t(-3)?
8
Let j(p) = 5*p**2 + 11*p - 5. What is j(-5)?
65
Let d(i) = -2*i**2 + 2*i + 12. Give d(6).
-48
Let q(l) = -l + 16. Determine q(17).
-1
Let m(g) = 18*g - 216. What is m(12)?
0
Let k(h) = 2*h**2 - 2*h + 4. What is k(5)?
44
Let q(d) = -11*d**2 + d - 1. What is q(2)?
-43
Let o(s) = -s**3 + 11*s**2 - 11*s + 15. What is o(8)?
119
Let w(n) = -n**3 - n**2 + 2. Calculate w(2).
-10
Let u(p) = -p**3 - 4*p**2 + 9*p - 23. Calculate u(-6).
-5
Let h(f) = -9*f. Give h(1).
-9
Let i(g) = -8*g**2 + 3*g + 4. Calculate i(-1).
-7
Let p(m) = 2*m**2 - 38*m + 32. What is p(18)?
-4
Let u(s) = -16*s**3 + 2*s**2 - s. What is u(1)?
-15
Let h(l) = 4*l**3 - l**2 + 2*l + 9. Determine h(-2).
-31
Let j(z) = -z**2 - 19*z - 54. Calculate j(-15).
6
Let v(p) = 6*p + 31. What is v(-6)?
-5
Let k(r) = -29*r + 84. Give k(6).
-90
Let u(f) = 2*f + 3. What is u(5)?
13
Let k(h) = h**3 + 3*h**2 - 5*h + 19. Determine k(-5).
-6
Let r(v) = -v**2 + 7*v - 1. Give r(7).
-1
Let g(z) = -z**2 - 3*z + 24. What is g(-7)?
-4
Let k(p) = p + 31. Give k(4).
35
Let d(l) = l**2 - 2. Determine d(-6).
34
Let k(y) = y**3 + 9*y**2 + 8*y - 10. Calculate k(-8).
-10
Let k(s) = 2*s - 3. What is k(-1)?
-5
Let k(j) = -j + 4. Determine k(-6).
10
Let b(s) = -15*s**3 - s + 2. Give b(1).
-14
Let p(h) = 5*h - 19. Give p(4).
1
Let x(j) = j**2 - 15*j - 9. Determine x(15).
-9
Let a(t) = -t**3 - 4*t**2 - 3*t + 4. What is a(-2)?
2
Let m(f) = 27*f - 71. What is m(5)?
64
Let f(v) = -5*v + 20. Give f(5).
-5
Let j(t) = t**3 + 6*t**2 + t + 10. Calculate j(-6).
4
Let i(m) = m - 10. Calculate i(4).
-6
Let v(y) = 4*y - 67. Give v(12).
-19
Let i(o) = -11*o + 13. Give i(2).
-9
Let t(y) = -y**2 + 16*y - 1. Determine t(16).
-1
Let u(i) = i**2 + 4*i + 2. Give u(-5).
7
Let u(n) = -n**2 + 8*n + 27. Give u(11).
-6
Let f(y) = y**3 - 18*y**2 + 45*y - 9. What is f(15)?
-9
Let b(q) = -q**2 + 7*q - 10. Calculate b(7).
-10
Let u(v) = -v**3 - 13*v**2 + 32*v + 26. Determine u(-15).
-4
Let i(f) = -6*f**3 - 2*f**2 + 1. Determine i(1).
-7
Let w(x) = -x**3 + x**2 - 8. What is w(0)?
-8
Let w(j) = -25*j**3 - j**2 - 5*j - 3. Calculate w(-1).
26
Let o(d) = -3*d + 19. Calculate o(12).
-17
Let q(s) = 2*s + 14. Determine q(-24).
-34
Let u(c) = 15*c + 52. Determine u(-5).
-23
Let j(x) = 2*x**3 + x**2 - 4*x - 3. Determine j(-2).
-7
Let l(b) = b - 17. What is l(-14)?
-31
Let s(x) = -x**3 + 10*x**2 - 2*x - 5. Calculate s(10).
-25
Let y(s) = -s**3 + 6*s - 4. Calculate y(-3).
5
Let i(c) = -140*c + 132. Determine i(1).
-8
Let s(j) = -j**2 + 3*j + 12. Give s(9).
-42
Let q(k) = -4*k - 12. What is q(-11)?
32
Let h(c) = 2*c**2 - 10*c - 9. Determine h(6).
3
Let q(t) = 6*t**2 + t + 1. Calculate q(2).
27
Let d(m) = -9*m**3 - m**2 - m - 2. What is d(2)?
-80
Let s(v) = -v**2 + 8*v - 3. Give s(4).
13
Let k(a) = -a**3 - 3*a**2. What is k(-4)?
16
Let u(m) = 8*m**3 - m**2 + 3*m + 2. Give u(-2).
-